{"id":152,"date":"2025-07-28T09:12:20","date_gmt":"2025-07-28T09:12:20","guid":{"rendered":"http:\/\/www.verdisseny.cat\/?page_id=152"},"modified":"2025-07-28T10:28:33","modified_gmt":"2025-07-28T10:28:33","slug":"limpieza","status":"publish","type":"page","link":"https:\/\/www.verdisseny.cat\/?page_id=152","title":{"rendered":"Servei de neteja"},"content":{"rendered":"<p>[et_pb_section fb_built=\u00bb1&#8243; _builder_version=\u00bb4.27.4&#8243; _module_preset=\u00bbdefault\u00bb global_colors_info=\u00bb{}\u00bb][et_pb_row _builder_version=\u00bb4.27.4&#8243; _module_preset=\u00bbdefault\u00bb global_colors_info=\u00bb{}\u00bb][et_pb_column type=\u00bb4_4&#8243; _builder_version=\u00bb4.27.4&#8243; _module_preset=\u00bbdefault\u00bb global_colors_info=\u00bb{}\u00bb][et_pb_text _builder_version=\u00bb4.27.4&#8243; _module_preset=\u00bbdefault\u00bb global_colors_info=\u00bb{}\u00bb]<\/p>\n<h1 style=\"text-align: center;\"><strong>Servei de neteja<\/strong><\/h1>\n<p>[\/et_pb_text][\/et_pb_column][\/et_pb_row][et_pb_row column_structure=\u00bb1_2,1_2&#8243; _builder_version=\u00bb4.27.4&#8243; _module_preset=\u00bbdefault\u00bb global_colors_info=\u00bb{}\u00bb][et_pb_column type=\u00bb1_2&#8243; _builder_version=\u00bb4.27.4&#8243; _module_preset=\u00bbdefault\u00bb global_colors_info=\u00bb{}\u00bb][et_pb_text _builder_version=\u00bb4.27.4&#8243; _module_preset=\u00bbdefault\u00bb global_colors_info=\u00bb{}\u00bb]<\/p>\n<p>Augmentem la vida \u00fatil i el valor del seu patrimoni. T\u2019ajudarem a conservar per m\u00e9s temps i mantenint els valors d\u2019higiene necessaris \u00a0la seva activitat. Estem especialitzats en la neteja i desinfecci\u00f3 en l\u2019entorn alimentari, sanitari i industrial.<\/p>\n<p>Implementem cont\u00ednues millores basades en l\u2019\u00fas de productes ecol\u00f2gics amigables amb el Medi Ambient. Actualitzem la nostra maquin\u00e0ria per a oferir el millor resultat als nostres clients.<\/p>\n<p>[\/et_pb_text][\/et_pb_column][et_pb_column type=\u00bb1_2&#8243; _builder_version=\u00bb4.27.4&#8243; _module_preset=\u00bbdefault\u00bb global_colors_info=\u00bb{}\u00bb][et_pb_image src=\u00bbhttp:\/\/www.verdisseny.cat\/wp-content\/uploads\/2025\/07\/Limpieza002-1-480&#215;237-1.jpg\u00bb title_text=\u00bbLimpieza002-1-480&#215;237&#8243; _builder_version=\u00bb4.27.4&#8243; _module_preset=\u00bbdefault\u00bb global_colors_info=\u00bb{}\u00bb][\/et_pb_image][\/et_pb_column][\/et_pb_row][\/et_pb_section]<\/p>\n","protected":false},"excerpt":{"rendered":"<p>Servei de netejaAugmentem la vida \u00fatil i el valor del seu patrimoni. T\u2019ajudarem a conservar per m\u00e9s temps i mantenint els valors d\u2019higiene necessaris \u00a0la seva activitat. Estem especialitzats en la neteja i desinfecci\u00f3 en l\u2019entorn alimentari, sanitari i industrial. Implementem cont\u00ednues millores basades en l\u2019\u00fas de productes ecol\u00f2gics amigables amb el Medi Ambient. Actualitzem [&hellip;]<\/p>\n","protected":false},"author":2,"featured_media":0,"parent":0,"menu_order":0,"comment_status":"closed","ping_status":"closed","template":"","meta":{"_et_pb_use_builder":"on","_et_pb_old_content":"","_et_gb_content_width":"","footnotes":""},"class_list":["post-152","page","type-page","status-publish","hentry"],"yoast_head":"<!-- This site is optimized with the Yoast SEO plugin v27.4 - https:\/\/yoast.com\/product\/yoast-seo-wordpress\/ -->\n<title>Servei de neteja - Verdisseny<\/title>\n<meta name=\"robots\" content=\"index, follow, max-snippet:-1, max-image-preview:large, max-video-preview:-1\" \/>\n<link rel=\"canonical\" href=\"https:\/\/www.verdisseny.cat\/?page_id=152\" \/>\n<meta property=\"og:locale\" content=\"es_ES\" \/>\n<meta property=\"og:type\" content=\"article\" \/>\n<meta property=\"og:title\" content=\"Servei de neteja - Verdisseny\" \/>\n<meta property=\"og:description\" content=\"Servei de netejaAugmentem la vida \u00fatil i el valor del seu patrimoni. T\u2019ajudarem a conservar per m\u00e9s temps i mantenint els valors d\u2019higiene necessaris \u00a0la seva activitat. Estem especialitzats en la neteja i desinfecci\u00f3 en l\u2019entorn alimentari, sanitari i industrial. Implementem cont\u00ednues millores basades en l\u2019\u00fas de productes ecol\u00f2gics amigables amb el Medi Ambient. Actualitzem [&hellip;]\" \/>\n<meta property=\"og:url\" content=\"https:\/\/www.verdisseny.cat\/?page_id=152\" \/>\n<meta property=\"og:site_name\" content=\"Verdisseny\" \/>\n<meta property=\"article:modified_time\" content=\"2025-07-28T10:28:33+00:00\" \/>\n<meta name=\"twitter:card\" content=\"summary_large_image\" \/>\n<meta name=\"twitter:label1\" content=\"Tiempo de lectura\" \/>\n\t<meta name=\"twitter:data1\" content=\"1 minuto\" \/>\n<script type=\"application\/ld+json\" class=\"yoast-schema-graph\">{\"@context\":\"https:\\\/\\\/schema.org\",\"@graph\":[{\"@type\":\"WebPage\",\"@id\":\"https:\\\/\\\/www.verdisseny.cat\\\/?page_id=152\",\"url\":\"https:\\\/\\\/www.verdisseny.cat\\\/?page_id=152\",\"name\":\"Servei de neteja - Verdisseny\",\"isPartOf\":{\"@id\":\"https:\\\/\\\/www.verdisseny.cat\\\/#website\"},\"datePublished\":\"2025-07-28T09:12:20+00:00\",\"dateModified\":\"2025-07-28T10:28:33+00:00\",\"breadcrumb\":{\"@id\":\"https:\\\/\\\/www.verdisseny.cat\\\/?page_id=152#breadcrumb\"},\"inLanguage\":\"es\",\"potentialAction\":[{\"@type\":\"ReadAction\",\"target\":[\"https:\\\/\\\/www.verdisseny.cat\\\/?page_id=152\"]}]},{\"@type\":\"BreadcrumbList\",\"@id\":\"https:\\\/\\\/www.verdisseny.cat\\\/?page_id=152#breadcrumb\",\"itemListElement\":[{\"@type\":\"ListItem\",\"position\":1,\"name\":\"Portada\",\"item\":\"https:\\\/\\\/www.verdisseny.cat\\\/\"},{\"@type\":\"ListItem\",\"position\":2,\"name\":\"Servei de neteja\"}]},{\"@type\":\"WebSite\",\"@id\":\"https:\\\/\\\/www.verdisseny.cat\\\/#website\",\"url\":\"https:\\\/\\\/www.verdisseny.cat\\\/\",\"name\":\"Verdisseny\",\"description\":\"Facility Services\",\"potentialAction\":[{\"@type\":\"SearchAction\",\"target\":{\"@type\":\"EntryPoint\",\"urlTemplate\":\"https:\\\/\\\/www.verdisseny.cat\\\/?s={search_term_string}\"},\"query-input\":{\"@type\":\"PropertyValueSpecification\",\"valueRequired\":true,\"valueName\":\"search_term_string\"}}],\"inLanguage\":\"es\"}]}<\/script>\n<!-- \/ Yoast SEO plugin. -->","yoast_head_json":{"title":"Servei de neteja - Verdisseny","robots":{"index":"index","follow":"follow","max-snippet":"max-snippet:-1","max-image-preview":"max-image-preview:large","max-video-preview":"max-video-preview:-1"},"canonical":"https:\/\/www.verdisseny.cat\/?page_id=152","og_locale":"es_ES","og_type":"article","og_title":"Servei de neteja - Verdisseny","og_description":"Servei de netejaAugmentem la vida \u00fatil i el valor del seu patrimoni. T\u2019ajudarem a conservar per m\u00e9s temps i mantenint els valors d\u2019higiene necessaris \u00a0la seva activitat. Estem especialitzats en la neteja i desinfecci\u00f3 en l\u2019entorn alimentari, sanitari i industrial. Implementem cont\u00ednues millores basades en l\u2019\u00fas de productes ecol\u00f2gics amigables amb el Medi Ambient. Actualitzem [&hellip;]","og_url":"https:\/\/www.verdisseny.cat\/?page_id=152","og_site_name":"Verdisseny","article_modified_time":"2025-07-28T10:28:33+00:00","twitter_card":"summary_large_image","twitter_misc":{"Tiempo de lectura":"1 minuto"},"schema":{"@context":"https:\/\/schema.org","@graph":[{"@type":"WebPage","@id":"https:\/\/www.verdisseny.cat\/?page_id=152","url":"https:\/\/www.verdisseny.cat\/?page_id=152","name":"Servei de neteja - Verdisseny","isPartOf":{"@id":"https:\/\/www.verdisseny.cat\/#website"},"datePublished":"2025-07-28T09:12:20+00:00","dateModified":"2025-07-28T10:28:33+00:00","breadcrumb":{"@id":"https:\/\/www.verdisseny.cat\/?page_id=152#breadcrumb"},"inLanguage":"es","potentialAction":[{"@type":"ReadAction","target":["https:\/\/www.verdisseny.cat\/?page_id=152"]}]},{"@type":"BreadcrumbList","@id":"https:\/\/www.verdisseny.cat\/?page_id=152#breadcrumb","itemListElement":[{"@type":"ListItem","position":1,"name":"Portada","item":"https:\/\/www.verdisseny.cat\/"},{"@type":"ListItem","position":2,"name":"Servei de neteja"}]},{"@type":"WebSite","@id":"https:\/\/www.verdisseny.cat\/#website","url":"https:\/\/www.verdisseny.cat\/","name":"Verdisseny","description":"Facility Services","potentialAction":[{"@type":"SearchAction","target":{"@type":"EntryPoint","urlTemplate":"https:\/\/www.verdisseny.cat\/?s={search_term_string}"},"query-input":{"@type":"PropertyValueSpecification","valueRequired":true,"valueName":"search_term_string"}}],"inLanguage":"es"}]}},"_links":{"self":[{"href":"https:\/\/www.verdisseny.cat\/index.php?rest_route=\/wp\/v2\/pages\/152","targetHints":{"allow":["GET"]}}],"collection":[{"href":"https:\/\/www.verdisseny.cat\/index.php?rest_route=\/wp\/v2\/pages"}],"about":[{"href":"https:\/\/www.verdisseny.cat\/index.php?rest_route=\/wp\/v2\/types\/page"}],"author":[{"embeddable":true,"href":"https:\/\/www.verdisseny.cat\/index.php?rest_route=\/wp\/v2\/users\/2"}],"replies":[{"embeddable":true,"href":"https:\/\/www.verdisseny.cat\/index.php?rest_route=%2Fwp%2Fv2%2Fcomments&post=152"}],"version-history":[{"count":5,"href":"https:\/\/www.verdisseny.cat\/index.php?rest_route=\/wp\/v2\/pages\/152\/revisions"}],"predecessor-version":[{"id":201,"href":"https:\/\/www.verdisseny.cat\/index.php?rest_route=\/wp\/v2\/pages\/152\/revisions\/201"}],"wp:attachment":[{"href":"https:\/\/www.verdisseny.cat\/index.php?rest_route=%2Fwp%2Fv2%2Fmedia&parent=152"}],"curies":[{"name":"wp","href":"https:\/\/api.w.org\/{rel}","templated":true}]}}

<p>[et_pb_section fb_built=»1&#8243; _builder_version=»4.27.4&#8243; _module_preset=»default» global_colors_info=»{}»][et_pb_row _builder_version=»4.27.4&#8243; _module_preset=»default» global_colors_info=»{}»][et_pb_column type=»4_4&#8243; _builder_version=»4.27.4&#8243; _module_preset=»default» global_colors_info=»{}»][et_pb_text _builder_version=»4.27.4&#8243; _module_preset=»default» global_colors_info=»{}»]</p>
<h1 style="text-align: center;"><strong>Servei de neteja</strong></h1>
<p>[/et_pb_text][/et_pb_column][/et_pb_row][et_pb_row column_structure=»1_2,1_2&#8243; _builder_version=»4.27.4&#8243; _module_preset=»default» global_colors_info=»{}»][et_pb_column type=»1_2&#8243; _builder_version=»4.27.4&#8243; _module_preset=»default» global_colors_info=»{}»][et_pb_text _builder_version=»4.27.4&#8243; _module_preset=»default» global_colors_info=»{}»]</p>
<p>Augmentem la vida útil i el valor del seu patrimoni. T’ajudarem a conservar per més temps i mantenint els valors d’higiene necessaris  la seva activitat. Estem especialitzats en la neteja i desinfecció en l’entorn alimentari, sanitari i industrial.</p>
<p>Implementem contínues millores basades en l’ús de productes ecològics amigables amb el Medi Ambient. Actualitzem la nostra maquinària per a oferir el millor resultat als nostres clients.</p>
<p>[/et_pb_text][/et_pb_column][et_pb_column type=»1_2&#8243; _builder_version=»4.27.4&#8243; _module_preset=»default» global_colors_info=»{}»][et_pb_image src=»http://www.verdisseny.cat/wp-content/uploads/2025/07/Limpieza002-1-480&#215;237-1.jpg» title_text=»Limpieza002-1-480&#215;237&#8243; _builder_version=»4.27.4&#8243; _module_preset=»default» global_colors_info=»{}»][/et_pb_image][/et_pb_column][/et_pb_row][/et_pb_section]</p>

<p>Servei de netejaAugmentem la vida útil i el valor del seu patrimoni. T’ajudarem a conservar per més temps i mantenint els valors d’higiene necessaris  la seva activitat. Estem especialitzats en la neteja i desinfecció en l’entorn alimentari, sanitari i industrial. Implementem contínues millores basades en l’ús de productes ecològics amigables amb el Medi Ambient. Actualitzem [&hellip;]</p>

<!-- This site is optimized with the Yoast SEO plugin v27.4 - https://yoast.com/product/yoast-seo-wordpress/ -->
<title>Servei de neteja - Verdisseny</title>
<meta name="robots" content="index, follow, max-snippet:-1, max-image-preview:large, max-video-preview:-1" />
<link rel="canonical" href="https://www.verdisseny.cat/?page_id=152" />
<meta property="og:locale" content="es_ES" />
<meta property="og:type" content="article" />
<meta property="og:title" content="Servei de neteja - Verdisseny" />
<meta property="og:description" content="Servei de netejaAugmentem la vida útil i el valor del seu patrimoni. T’ajudarem a conservar per més temps i mantenint els valors d’higiene necessaris  la seva activitat. Estem especialitzats en la neteja i desinfecció en l’entorn alimentari, sanitari i industrial. Implementem contínues millores basades en l’ús de productes ecològics amigables amb el Medi Ambient. Actualitzem [&hellip;]" />
<meta property="og:url" content="https://www.verdisseny.cat/?page_id=152" />
<meta property="og:site_name" content="Verdisseny" />
<meta property="article:modified_time" content="2025-07-28T10:28:33+00:00" />
<meta name="twitter:card" content="summary_large_image" />
<meta name="twitter:label1" content="Tiempo de lectura" />
	<meta name="twitter:data1" content="1 minuto" />
<script type="application/ld+json" class="yoast-schema-graph">{"@context":"https:\/\/schema.org","@graph":[{"@type":"WebPage","@id":"https:\/\/www.verdisseny.cat\/?page_id=152","url":"https:\/\/www.verdisseny.cat\/?page_id=152","name":"Servei de neteja - Verdisseny","isPartOf":{"@id":"https:\/\/www.verdisseny.cat\/#website"},"datePublished":"2025-07-28T09:12:20+00:00","dateModified":"2025-07-28T10:28:33+00:00","breadcrumb":{"@id":"https:\/\/www.verdisseny.cat\/?page_id=152#breadcrumb"},"inLanguage":"es","potentialAction":[{"@type":"ReadAction","target":["https:\/\/www.verdisseny.cat\/?page_id=152"]}]},{"@type":"BreadcrumbList","@id":"https:\/\/www.verdisseny.cat\/?page_id=152#breadcrumb","itemListElement":[{"@type":"ListItem","position":1,"name":"Portada","item":"https:\/\/www.verdisseny.cat\/"},{"@type":"ListItem","position":2,"name":"Servei de neteja"}]},{"@type":"WebSite","@id":"https:\/\/www.verdisseny.cat\/#website","url":"https:\/\/www.verdisseny.cat\/","name":"Verdisseny","description":"Facility Services","potentialAction":[{"@type":"SearchAction","target":{"@type":"EntryPoint","urlTemplate":"https:\/\/www.verdisseny.cat\/?s={search_term_string}"},"query-input":{"@type":"PropertyValueSpecification","valueRequired":true,"valueName":"search_term_string"}}],"inLanguage":"es"}]}</script>
<!-- / Yoast SEO plugin. -->

Servei de netejaAugmentem la vida útil i el valor del seu patrimoni. T’ajudarem a conservar per més temps i mantenint els valors d’higiene necessaris  la seva activitat. Estem especialitzats en la neteja i desinfecció en l’entorn alimentari, sanitari i industrial. Implementem contínues millores basades en l’ús de productes ecològics amigables amb el Medi Ambient. Actualitzem [&hellip;]
