{"id":3,"date":"2025-06-13T10:30:04","date_gmt":"2025-06-13T10:30:04","guid":{"rendered":"http:\/\/www.verdisseny.cat\/?page_id=3"},"modified":"2025-07-28T11:00:29","modified_gmt":"2025-07-28T11:00:29","slug":"politica-privacidad","status":"publish","type":"page","link":"https:\/\/www.verdisseny.cat\/?page_id=3","title":{"rendered":"Pol\u00edtica de privacitat"},"content":{"rendered":"\n<h2 class=\"wp-block-heading\">Qui som<\/h2>\n\n\n\n<p>L&#8217;adre\u00e7a de la nostra web \u00e9s: http:\/\/www.verdisseny.cat.<\/p>\n\n\n\n<h2 class=\"wp-block-heading\">Comentaris<\/h2>\n\n\n\n<p>Quan els visitants deixen comentaris en la web, recopilem les dades que es mostren en el formulari de comentaris, aix\u00ed com l&#8217;adre\u00e7a IP del visitant i la cadena d&#8217;agents d&#8217;usuari del navegador per a ajudar a la detecci\u00f3 de spam.<\/p>\n\n\n\n<p>Una cadena an\u00f2nima creada a partir de la teva adre\u00e7a de correu electr\u00f2nic (tamb\u00e9 dita hash) pot ser proporcionada al servei de Gravatar per a veure si l&#8217;est\u00e0s usant. La pol\u00edtica de privacitat del servei Gravatar est\u00e0 disponible aqu\u00ed: https:\/\/automattic.com\/privacy\/. Despr\u00e9s de l&#8217;aprovaci\u00f3 del teu comentari, la imatge del teu perfil \u00e9s visible per al p\u00fablic en el context del teu comentari. web \u00e9s<\/p>\n\n\n\n<h2 class=\"wp-block-heading\">Mitjans<\/h2>\n\n\n\n<p>Si puges imatges a la web, hauries d&#8217;evitar pujar imatges amb dades d&#8217;ubicaci\u00f3 (GPS\u00a0EXIF)\u00a0inclosos. Els visitants de la web poden descarregar i extreure qualsevol dada d&#8217;ubicaci\u00f3 de les imatges de la web.<\/p>\n\n\n\n<h2 class=\"wp-block-heading\">Cookies<\/h2>\n\n\n\n<p>Si deixes un comentari en el nostre lloc pots triar guardar el teu nom, adre\u00e7a de correu electr\u00f2nic i web en cookies. Aix\u00f2 \u00e9s per a la teva comoditat, perqu\u00e8 no hagis de tornar a emplenar les teves dades quan deixis un altre comentari. Aquestes cookies tindran una durada d&#8217;un any.<\/p>\n\n\n\n<p>Si tens un compte i et connectes a aquest lloc, instal\u00b7larem una cookie temporal per a determinar si el teu navegador accepta cookies. Aquesta cookie no cont\u00e9 dades personals i s&#8217;elimina en tancar el navegador.<\/p>\n\n\n\n<p>Quan accedeixis, tamb\u00e9 instal\u00b7larem diverses cookies per a guardar la teva informaci\u00f3 d&#8217;acc\u00e9s i les teves opcions de visualitzaci\u00f3 de pantalla. Les cookies d&#8217;acc\u00e9s duren dos dies, i les cookies d&#8217;opcions de pantalla duren un any. Si selecciones \u00abRecordarme\u00bb, el teu acc\u00e9s perdurar\u00e0 durant dues setmanes. Si surts del teu compte, les cookies d&#8217;acc\u00e9s s&#8217;eliminaran.<\/p>\n\n\n\n<p>Si edites o publiques un article es guardar\u00e0 una cookie addicional en el teu navegador. Aquesta cookie no inclou dades personals i simplement indica l&#8217;ANEU de l&#8217;article que acabes d&#8217;editar. Caduca despr\u00e9s d&#8217;1 dia.<\/p>\n\n\n\n<h2 class=\"wp-block-heading\">Contingut incrustat d&#8217;altres llocs web<\/h2>\n\n\n\n<p>Els articles d&#8217;aquest lloc poden incloure contingut incrustat (per exemple, v\u00eddeos, imatges, articles, etc.). El contingut incrustat d&#8217;altres webs es comporta exactament de la mateixa manera que si el visitant hagu\u00e9s visitat l&#8217;altra web.<\/p>\n\n\n\n<p>Aquestes web poden recopilar dades sobre tu, utilitzar cookies, incrustar un seguiment addicional de tercers, i supervisar la teva interacci\u00f3 amb aquest contingut incrustat, incl\u00f2s el seguiment de la teva interacci\u00f3 amb el contingut incrustat si tens un compte i est\u00e0s connectat a aquesta web.<\/p>\n\n\n\n<h2 class=\"wp-block-heading\">Amb qui compartim les teves dades<\/h2>\n\n\n\n<p>Si sol\u00b7licites un restabliment de contrasenya, la teva adre\u00e7a IP ser\u00e0 inclosa en el correu electr\u00f2nic de restabliment.<\/p>\n\n\n\n<h2 class=\"wp-block-heading\">Quant temps conservem les teves dades<\/h2>\n\n\n\n<p>Si deixes un comentari, el comentari i les seves metadades es conserven indefinidament. Aix\u00f2 \u00e9s perqu\u00e8 puguem recon\u00e8ixer i aprovar comentaris successius autom\u00e0ticament, en lloc de mantenir-los en una cua de moderaci\u00f3.<\/p>\n\n\n\n<p>Dels usuaris que es registren en la nostra web (si n&#8217;hi ha), tamb\u00e9 emmagatzemem la informaci\u00f3 personal que proporcionen en el seu perfil d&#8217;usuari. Tots els usuaris poden veure, editar o eliminar la seva informaci\u00f3 personal en qualsevol moment (excepte que no poden canviar el seu nom d&#8217;usuari). Els administradors de la web tamb\u00e9 poden veure i editar aquesta informaci\u00f3.<\/p>\n\n\n\n<h2 class=\"wp-block-heading\">Quins drets tens sobre les teves dades<\/h2>\n\n\n\n<p>Si tens un compte o has deixat comentaris en aquesta web, pots sol\u00b7licitar rebre un arxiu d&#8217;exportaci\u00f3 de les dades personals que tenim sobre tu, incloent-hi qualsevol dada que ens hagis proporcionat. Tamb\u00e9 pots sol\u00b7licitar que eliminem qualsevol dada personal que tinguem sobre tu. Aix\u00f2 no inclou cap dada que estiguem obligats a conservar amb finalitats administratius, legals o de seguretat.<\/p>\n\n\n\n<h2 class=\"wp-block-heading\">On s&#8217;envien les teves dades<\/h2>\n\n\n\n<p>Els comentaris dels visitants pot ser que els revisi un servei de detecci\u00f3 autom\u00e0tica de spam.<\/p>\n","protected":false},"excerpt":{"rendered":"<p>Qui som L&#8217;adre\u00e7a de la nostra web \u00e9s: http:\/\/www.verdisseny.cat. Comentaris Quan els visitants deixen comentaris en la web, recopilem les dades que es mostren en el formulari de comentaris, aix\u00ed com l&#8217;adre\u00e7a IP del visitant i la cadena d&#8217;agents d&#8217;usuari del navegador per a ajudar a la detecci\u00f3 de spam. Una cadena an\u00f2nima creada a [&hellip;]<\/p>\n","protected":false},"author":1,"featured_media":0,"parent":0,"menu_order":0,"comment_status":"closed","ping_status":"open","template":"","meta":{"_et_pb_use_builder":"","_et_pb_old_content":"","_et_gb_content_width":"","footnotes":""},"class_list":["post-3","page","type-page","status-publish","hentry"],"yoast_head":"<!-- This site is optimized with the Yoast SEO plugin v27.4 - https:\/\/yoast.com\/product\/yoast-seo-wordpress\/ -->\n<title>Pol\u00edtica de privacitat - Verdisseny<\/title>\n<meta name=\"robots\" content=\"index, follow, max-snippet:-1, max-image-preview:large, max-video-preview:-1\" \/>\n<link rel=\"canonical\" href=\"https:\/\/www.verdisseny.cat\/?page_id=3\" \/>\n<meta property=\"og:locale\" content=\"es_ES\" \/>\n<meta property=\"og:type\" content=\"article\" \/>\n<meta property=\"og:title\" content=\"Pol\u00edtica de privacitat - Verdisseny\" \/>\n<meta property=\"og:description\" content=\"Qui som L&#8217;adre\u00e7a de la nostra web \u00e9s: http:\/\/www.verdisseny.cat. Comentaris Quan els visitants deixen comentaris en la web, recopilem les dades que es mostren en el formulari de comentaris, aix\u00ed com l&#8217;adre\u00e7a IP del visitant i la cadena d&#8217;agents d&#8217;usuari del navegador per a ajudar a la detecci\u00f3 de spam. Una cadena an\u00f2nima creada a [&hellip;]\" \/>\n<meta property=\"og:url\" content=\"https:\/\/www.verdisseny.cat\/?page_id=3\" \/>\n<meta property=\"og:site_name\" content=\"Verdisseny\" \/>\n<meta property=\"article:modified_time\" content=\"2025-07-28T11:00:29+00:00\" \/>\n<meta name=\"twitter:card\" content=\"summary_large_image\" \/>\n<meta name=\"twitter:label1\" content=\"Tiempo de lectura\" \/>\n\t<meta name=\"twitter:data1\" content=\"3 minutos\" \/>\n<script type=\"application\/ld+json\" class=\"yoast-schema-graph\">{\"@context\":\"https:\\\/\\\/schema.org\",\"@graph\":[{\"@type\":\"WebPage\",\"@id\":\"https:\\\/\\\/www.verdisseny.cat\\\/?page_id=3\",\"url\":\"https:\\\/\\\/www.verdisseny.cat\\\/?page_id=3\",\"name\":\"Pol\u00edtica de privacitat - Verdisseny\",\"isPartOf\":{\"@id\":\"https:\\\/\\\/www.verdisseny.cat\\\/#website\"},\"datePublished\":\"2025-06-13T10:30:04+00:00\",\"dateModified\":\"2025-07-28T11:00:29+00:00\",\"breadcrumb\":{\"@id\":\"https:\\\/\\\/www.verdisseny.cat\\\/?page_id=3#breadcrumb\"},\"inLanguage\":\"es\",\"potentialAction\":[{\"@type\":\"ReadAction\",\"target\":[\"https:\\\/\\\/www.verdisseny.cat\\\/?page_id=3\"]}]},{\"@type\":\"BreadcrumbList\",\"@id\":\"https:\\\/\\\/www.verdisseny.cat\\\/?page_id=3#breadcrumb\",\"itemListElement\":[{\"@type\":\"ListItem\",\"position\":1,\"name\":\"Portada\",\"item\":\"https:\\\/\\\/www.verdisseny.cat\\\/\"},{\"@type\":\"ListItem\",\"position\":2,\"name\":\"Pol\u00edtica de privacitat\"}]},{\"@type\":\"WebSite\",\"@id\":\"https:\\\/\\\/www.verdisseny.cat\\\/#website\",\"url\":\"https:\\\/\\\/www.verdisseny.cat\\\/\",\"name\":\"Verdisseny\",\"description\":\"Facility Services\",\"potentialAction\":[{\"@type\":\"SearchAction\",\"target\":{\"@type\":\"EntryPoint\",\"urlTemplate\":\"https:\\\/\\\/www.verdisseny.cat\\\/?s={search_term_string}\"},\"query-input\":{\"@type\":\"PropertyValueSpecification\",\"valueRequired\":true,\"valueName\":\"search_term_string\"}}],\"inLanguage\":\"es\"}]}<\/script>\n<!-- \/ Yoast SEO plugin. -->","yoast_head_json":{"title":"Pol\u00edtica de privacitat - Verdisseny","robots":{"index":"index","follow":"follow","max-snippet":"max-snippet:-1","max-image-preview":"max-image-preview:large","max-video-preview":"max-video-preview:-1"},"canonical":"https:\/\/www.verdisseny.cat\/?page_id=3","og_locale":"es_ES","og_type":"article","og_title":"Pol\u00edtica de privacitat - Verdisseny","og_description":"Qui som L&#8217;adre\u00e7a de la nostra web \u00e9s: http:\/\/www.verdisseny.cat. Comentaris Quan els visitants deixen comentaris en la web, recopilem les dades que es mostren en el formulari de comentaris, aix\u00ed com l&#8217;adre\u00e7a IP del visitant i la cadena d&#8217;agents d&#8217;usuari del navegador per a ajudar a la detecci\u00f3 de spam. Una cadena an\u00f2nima creada a [&hellip;]","og_url":"https:\/\/www.verdisseny.cat\/?page_id=3","og_site_name":"Verdisseny","article_modified_time":"2025-07-28T11:00:29+00:00","twitter_card":"summary_large_image","twitter_misc":{"Tiempo de lectura":"3 minutos"},"schema":{"@context":"https:\/\/schema.org","@graph":[{"@type":"WebPage","@id":"https:\/\/www.verdisseny.cat\/?page_id=3","url":"https:\/\/www.verdisseny.cat\/?page_id=3","name":"Pol\u00edtica de privacitat - Verdisseny","isPartOf":{"@id":"https:\/\/www.verdisseny.cat\/#website"},"datePublished":"2025-06-13T10:30:04+00:00","dateModified":"2025-07-28T11:00:29+00:00","breadcrumb":{"@id":"https:\/\/www.verdisseny.cat\/?page_id=3#breadcrumb"},"inLanguage":"es","potentialAction":[{"@type":"ReadAction","target":["https:\/\/www.verdisseny.cat\/?page_id=3"]}]},{"@type":"BreadcrumbList","@id":"https:\/\/www.verdisseny.cat\/?page_id=3#breadcrumb","itemListElement":[{"@type":"ListItem","position":1,"name":"Portada","item":"https:\/\/www.verdisseny.cat\/"},{"@type":"ListItem","position":2,"name":"Pol\u00edtica de privacitat"}]},{"@type":"WebSite","@id":"https:\/\/www.verdisseny.cat\/#website","url":"https:\/\/www.verdisseny.cat\/","name":"Verdisseny","description":"Facility Services","potentialAction":[{"@type":"SearchAction","target":{"@type":"EntryPoint","urlTemplate":"https:\/\/www.verdisseny.cat\/?s={search_term_string}"},"query-input":{"@type":"PropertyValueSpecification","valueRequired":true,"valueName":"search_term_string"}}],"inLanguage":"es"}]}},"_links":{"self":[{"href":"https:\/\/www.verdisseny.cat\/index.php?rest_route=\/wp\/v2\/pages\/3","targetHints":{"allow":["GET"]}}],"collection":[{"href":"https:\/\/www.verdisseny.cat\/index.php?rest_route=\/wp\/v2\/pages"}],"about":[{"href":"https:\/\/www.verdisseny.cat\/index.php?rest_route=\/wp\/v2\/types\/page"}],"author":[{"embeddable":true,"href":"https:\/\/www.verdisseny.cat\/index.php?rest_route=\/wp\/v2\/users\/1"}],"replies":[{"embeddable":true,"href":"https:\/\/www.verdisseny.cat\/index.php?rest_route=%2Fwp%2Fv2%2Fcomments&post=3"}],"version-history":[{"count":2,"href":"https:\/\/www.verdisseny.cat\/index.php?rest_route=\/wp\/v2\/pages\/3\/revisions"}],"predecessor-version":[{"id":220,"href":"https:\/\/www.verdisseny.cat\/index.php?rest_route=\/wp\/v2\/pages\/3\/revisions\/220"}],"wp:attachment":[{"href":"https:\/\/www.verdisseny.cat\/index.php?rest_route=%2Fwp%2Fv2%2Fmedia&parent=3"}],"curies":[{"name":"wp","href":"https:\/\/api.w.org\/{rel}","templated":true}]}}

Política de privacitat

<h2 class="wp-block-heading">Qui som</h2>



<p>L&#8217;adreça de la nostra web és: http://www.verdisseny.cat.</p>



<h2 class="wp-block-heading">Comentaris</h2>



<p>Quan els visitants deixen comentaris en la web, recopilem les dades que es mostren en el formulari de comentaris, així com l&#8217;adreça IP del visitant i la cadena d&#8217;agents d&#8217;usuari del navegador per a ajudar a la detecció de spam.</p>



<p>Una cadena anònima creada a partir de la teva adreça de correu electrònic (també dita hash) pot ser proporcionada al servei de Gravatar per a veure si l&#8217;estàs usant. La política de privacitat del servei Gravatar està disponible aquí: https://automattic.com/privacy/. Després de l&#8217;aprovació del teu comentari, la imatge del teu perfil és visible per al públic en el context del teu comentari. web és</p>



<h2 class="wp-block-heading">Mitjans</h2>



<p>Si puges imatges a la web, hauries d&#8217;evitar pujar imatges amb dades d&#8217;ubicació (GPS EXIF) inclosos. Els visitants de la web poden descarregar i extreure qualsevol dada d&#8217;ubicació de les imatges de la web.</p>



<h2 class="wp-block-heading">Cookies</h2>



<p>Si deixes un comentari en el nostre lloc pots triar guardar el teu nom, adreça de correu electrònic i web en cookies. Això és per a la teva comoditat, perquè no hagis de tornar a emplenar les teves dades quan deixis un altre comentari. Aquestes cookies tindran una durada d&#8217;un any.</p>



<p>Si tens un compte i et connectes a aquest lloc, instal·larem una cookie temporal per a determinar si el teu navegador accepta cookies. Aquesta cookie no conté dades personals i s&#8217;elimina en tancar el navegador.</p>



<p>Quan accedeixis, també instal·larem diverses cookies per a guardar la teva informació d&#8217;accés i les teves opcions de visualització de pantalla. Les cookies d&#8217;accés duren dos dies, i les cookies d&#8217;opcions de pantalla duren un any. Si selecciones «Recordarme», el teu accés perdurarà durant dues setmanes. Si surts del teu compte, les cookies d&#8217;accés s&#8217;eliminaran.</p>



<p>Si edites o publiques un article es guardarà una cookie addicional en el teu navegador. Aquesta cookie no inclou dades personals i simplement indica l&#8217;ANEU de l&#8217;article que acabes d&#8217;editar. Caduca després d&#8217;1 dia.</p>



<h2 class="wp-block-heading">Contingut incrustat d&#8217;altres llocs web</h2>



<p>Els articles d&#8217;aquest lloc poden incloure contingut incrustat (per exemple, vídeos, imatges, articles, etc.). El contingut incrustat d&#8217;altres webs es comporta exactament de la mateixa manera que si el visitant hagués visitat l&#8217;altra web.</p>



<p>Aquestes web poden recopilar dades sobre tu, utilitzar cookies, incrustar un seguiment addicional de tercers, i supervisar la teva interacció amb aquest contingut incrustat, inclòs el seguiment de la teva interacció amb el contingut incrustat si tens un compte i estàs connectat a aquesta web.</p>



<h2 class="wp-block-heading">Amb qui compartim les teves dades</h2>



<p>Si sol·licites un restabliment de contrasenya, la teva adreça IP serà inclosa en el correu electrònic de restabliment.</p>



<h2 class="wp-block-heading">Quant temps conservem les teves dades</h2>



<p>Si deixes un comentari, el comentari i les seves metadades es conserven indefinidament. Això és perquè puguem reconèixer i aprovar comentaris successius automàticament, en lloc de mantenir-los en una cua de moderació.</p>



<p>Dels usuaris que es registren en la nostra web (si n&#8217;hi ha), també emmagatzemem la informació personal que proporcionen en el seu perfil d&#8217;usuari. Tots els usuaris poden veure, editar o eliminar la seva informació personal en qualsevol moment (excepte que no poden canviar el seu nom d&#8217;usuari). Els administradors de la web també poden veure i editar aquesta informació.</p>



<h2 class="wp-block-heading">Quins drets tens sobre les teves dades</h2>



<p>Si tens un compte o has deixat comentaris en aquesta web, pots sol·licitar rebre un arxiu d&#8217;exportació de les dades personals que tenim sobre tu, incloent-hi qualsevol dada que ens hagis proporcionat. També pots sol·licitar que eliminem qualsevol dada personal que tinguem sobre tu. Això no inclou cap dada que estiguem obligats a conservar amb finalitats administratius, legals o de seguretat.</p>



<h2 class="wp-block-heading">On s&#8217;envien les teves dades</h2>



<p>Els comentaris dels visitants pot ser que els revisi un servei de detecció automàtica de spam.</p>

<p>Qui som L&#8217;adreça de la nostra web és: http://www.verdisseny.cat. Comentaris Quan els visitants deixen comentaris en la web, recopilem les dades que es mostren en el formulari de comentaris, així com l&#8217;adreça IP del visitant i la cadena d&#8217;agents d&#8217;usuari del navegador per a ajudar a la detecció de spam. Una cadena anònima creada a [&hellip;]</p>

<!-- This site is optimized with the Yoast SEO plugin v27.4 - https://yoast.com/product/yoast-seo-wordpress/ -->
<title>Política de privacitat - Verdisseny</title>
<meta name="robots" content="index, follow, max-snippet:-1, max-image-preview:large, max-video-preview:-1" />
<link rel="canonical" href="https://www.verdisseny.cat/?page_id=3" />
<meta property="og:locale" content="es_ES" />
<meta property="og:type" content="article" />
<meta property="og:title" content="Política de privacitat - Verdisseny" />
<meta property="og:description" content="Qui som L&#8217;adreça de la nostra web és: http://www.verdisseny.cat. Comentaris Quan els visitants deixen comentaris en la web, recopilem les dades que es mostren en el formulari de comentaris, així com l&#8217;adreça IP del visitant i la cadena d&#8217;agents d&#8217;usuari del navegador per a ajudar a la detecció de spam. Una cadena anònima creada a [&hellip;]" />
<meta property="og:url" content="https://www.verdisseny.cat/?page_id=3" />
<meta property="og:site_name" content="Verdisseny" />
<meta property="article:modified_time" content="2025-07-28T11:00:29+00:00" />
<meta name="twitter:card" content="summary_large_image" />
<meta name="twitter:label1" content="Tiempo de lectura" />
	<meta name="twitter:data1" content="3 minutos" />
<script type="application/ld+json" class="yoast-schema-graph">{"@context":"https:\/\/schema.org","@graph":[{"@type":"WebPage","@id":"https:\/\/www.verdisseny.cat\/?page_id=3","url":"https:\/\/www.verdisseny.cat\/?page_id=3","name":"Política de privacitat - Verdisseny","isPartOf":{"@id":"https:\/\/www.verdisseny.cat\/#website"},"datePublished":"2025-06-13T10:30:04+00:00","dateModified":"2025-07-28T11:00:29+00:00","breadcrumb":{"@id":"https:\/\/www.verdisseny.cat\/?page_id=3#breadcrumb"},"inLanguage":"es","potentialAction":[{"@type":"ReadAction","target":["https:\/\/www.verdisseny.cat\/?page_id=3"]}]},{"@type":"BreadcrumbList","@id":"https:\/\/www.verdisseny.cat\/?page_id=3#breadcrumb","itemListElement":[{"@type":"ListItem","position":1,"name":"Portada","item":"https:\/\/www.verdisseny.cat\/"},{"@type":"ListItem","position":2,"name":"Política de privacitat"}]},{"@type":"WebSite","@id":"https:\/\/www.verdisseny.cat\/#website","url":"https:\/\/www.verdisseny.cat\/","name":"Verdisseny","description":"Facility Services","potentialAction":[{"@type":"SearchAction","target":{"@type":"EntryPoint","urlTemplate":"https:\/\/www.verdisseny.cat\/?s={search_term_string}"},"query-input":{"@type":"PropertyValueSpecification","valueRequired":true,"valueName":"search_term_string"}}],"inLanguage":"es"}]}</script>
<!-- / Yoast SEO plugin. -->

Política de privacitat - Verdisseny

Qui som L&#8217;adreça de la nostra web és: http://www.verdisseny.cat. Comentaris Quan els visitants deixen comentaris en la web, recopilem les dades que es mostren en el formulari de comentaris, així com l&#8217;adreça IP del visitant i la cadena d&#8217;agents d&#8217;usuari del navegador per a ajudar a la detecció de spam. Una cadena anònima creada a [&hellip;]
